33 = -238560 + 298463. What is the hundreds digit of d?
4
Let i be (-24)/16 - 10/(-4). Suppose -2*k + i = -5*x, 4*x + x + 15 = -5*k. What is the tens digit of ((-438)/24 + k)*32/(-3)?
1
Let y be (-2)/3 + (-535)/(-15). Suppose -12*q + y = -7*q. Suppose -q = 5*n - 12*n. What is the units digit of n?
1
Let s(t) be the second derivative of -2*t**3/3 + 29*t**2/2 + 13*t. Let q be s(9). What is the tens digit of (1 - -67) + 8 + q?
6
Let i(p) = -p**2 + 10*p - 3. Let v be i(9). Let t(a) = -35*a + 103. Let c(z) = 18*z - 52. Let q(l) = v*t(l) + 11*c(l). What is the tens digit of q(-13)?
0
Suppose 20*u = 22*u - 36. Let v(j) = -j**3 + 18*j**2 + 2*j - 32. Let p be v(u). Let b(m) = 28*m - 15. What is the tens digit of b(p)?
9
Let w = 296 - 493. Let s = w + 368. What is the hundreds digit of s?
1
Suppose -18*g + 174 = 66. What is the tens digit of (-6 + 44)/(g/15)?
9
What is the ten thousands digit of (6/(6/(-7)) - 280)*(2 - 43)?
1
Let u = 71 - 41. Suppose -8*l = 2*l - u. What is the units digit of (2/l + 0)/((-2)/(-228))?
6
Let d = 2456 + 3698. What is the units digit of d?
4
Let j(z) = 4*z**3 + 4*z**2 + 15*z + 24. Let m be j(-2). What is the units digit of -3*(-60)/(-27)*33/m?
0
Suppose -13*f - 55535 = 5*f - 230261. What is the thousands digit of f?
9
Suppose -s - 89778 = -31*z + 27*z, 0 = 5*z - 5*s - 112230. What is the tens digit of z?
4
Let r = 83 - 81. Suppose 435 = r*c + 3. Suppose 11*z - c = 5*z. What is the units digit of z?
6
Suppose 59*h - 13266 = -3*z + 56*h, h + 8841 = 2*z. What is the hundreds digit of z?
4
Suppose -4*f = 1 - 21. Suppose 2*t - 2*z = t + 682, f*t + z - 3454 = 0. What is the hundreds digit of t?
6
Let z = -696 + 1536. Let c = z + -596. What is the hundreds digit of c?
2
Suppose -72174 - 243847 + 39006 = -17*r. What is the ten thousands digit of r?
1
Let g(a) be the second derivative of 2*a**4/3 + 7*a**3/6 + 3*a**2/2 + 14*a. Let w be -1 + 4 + 18/(-3). What is the units digit of g(w)?
4
Let v(n) = -15*n**3 - 2*n**2 - n - 3. Suppose l + 1 + 2 = -i, 0 = -5*i + l - 9. What is the units digit of v(i)?
1
Let a(x) = 362*x**2 + 26*x + 13. What is the units digit of a(5)?
3
Let n = 102967 - 71294. What is the units digit of n?
3
Let u be (-9)/((-126)/(-8))*21/(-2). Suppose u*a - 13*a = -994. What is the units digit of a?
2
Suppose -218 - 60 = -4*w + 2*o, 0 = 5*w + 2*o - 325. Suppose 75*k = w*k + 160. What is the units digit of k?
0
Suppose 1 = 2*p + 3, -4*n = 5*p - 39. Let z(r) = r**3 - 12*r**2 + 28*r + 17. What is the units digit of z(n)?
4
Suppose -12852 = -5*n - 5*w + 2953, 24 = 4*w. What is the thousands digit of n?
3
Suppose -33 + 5 = -7*s. Suppose 0 = -3*o - 0*o + s*o. Suppose o*b = 5*b - 90. What is the tens digit of b?
1
What is the hundreds digit of (-12)/14 + 70373853/2079?
8
Let g(n) = -3 + n + 6 + 2. Let k be g(-1). Suppose 4*m + k*h = 156, 4*m + 3*h = 59 + 93. What is the units digit of m?
5
Suppose 15*d = 18*d + r - 16, -14 = -2*d + r. What is the tens digit of ((-4)/d - 0) + (-27434)/(-66)?
1
Let d = -4661 + 5215. Let h be ((-2)/3)/(4/(-30)). Suppose -4*i = -3*x + 166 + 162, h*x - d = 3*i. What is the hundreds digit of x?
1
Suppose -9567 = -2*t + 5*c, -4770 = -t - 61*c + 59*c. What is the hundreds digit of t?
7
Suppose -4*q = 2*w - 9006, 7*q - 15 = 4*q. What is the thousands digit of w?
4
Suppose -v + 3*m + 40133 = 0, 17*v - 20*v - 5*m = -120287. What is the hundreds digit of v?
1
Let z = -774 + 973. Suppose -i = 4*i + 175. Let g = z + i. What is the units digit of g?
4
Suppose 0 = -109*i + 1888854 + 1069188. What is the thousands digit of i?
7
Let j be (16/20)/(2/(-10)). Suppose -c + 3*c = 5*h + 6825, 2*c - 6855 = -h. What is the tens digit of c/45 + j/36?
7
Let c(n) = 6*n**2 + 3*n + 6. Let r be c(-3). Suppose 9*k + 37 = 8*k. Let v = r + k. What is the tens digit of v?
1
Suppose -365*b - 1759264 = -469*b. What is the hundreds digit of b?
9
Suppose 4*f = -2*y + 8822, -4*y = 3*f - 15413 - 2216. What is the hundreds digit of y?
4
Suppose 59*y - 232943 = 145247. What is the thousands digit of y?
6
Let g = -1220 - -1726. Let s = g + -500. What is the units digit of s?
6
Let w be (5 - (1 - -1))/(1/(-1)). What is the hundreds digit of (w/((-72)/(-2744)))/(1/(-3))?
3
Let l be 6/(-24) - (-3)/12 - 124. Let v = l - -170. What is the tens digit of v?
4
Let z = -11287 + 26625. What is the ten thousands digit of z?
1
Let a(j) = -j**3 + 6*j**2 - 2*j - 11. Let u = -10 + 15. Let y be a(u). Suppose -5*o - 2*h + 242 = -2*o, y*o = -5*h + 318. What is the units digit of o?
2
Let q = -287 + 287. Suppose -2*x + q*c - 2*c + 1638 = 0, 0 = -2*x - c + 1634. What is the hundreds digit of x?
8
Let v(w) = 12*w**2 - 6*w + 23. Let a be v(4). Suppose a - 2471 = -2*c. What is the tens digit of c?
4
Let h = -45 - -50. Let k be ((-4)/h)/(2/(-5)). What is the units digit of 0*k/(-6) - -62?
2
Let b be ((-21)/28)/((-3)/16). Let q(g) = 4*g**3 + 7*g**2 - 9*g - 3. What is the hundreds digit of q(b)?
3
Let f = -354 + 688. Suppose 4*p + f = 5*p. What is the tens digit of p?
3
Let t(v) = -v**3 + 4*v**2 - 3*v + 5. Let z be t(3). Let m be z/(25/10 + 0). What is the units digit of 294/m*1/3?
9
Suppose 97*c - 11*c - 2551266 = -37*c. What is the thousands digit of c?
0
Let j be 9 - 6 - (0 + -4). Suppose j*q - 14729 = -4*q. What is the hundreds digit of 16/72 - q/(-9)?
1
Let t = 290 - -3308. What is the tens digit of t?
9
Suppose -42 = -2*u + p, -5*u = -3*p - p - 108. What is the units digit of (u/(-50))/(2/(-490))?
8
Let n(y) = 5*y + 57. Let p be (-46)/(-6) + (-30)/18. Suppose -85 = -p*h + h. What is the units digit of n(h)?
2
Let i be 3/6 - ((-4695)/6)/5. Let x = -42 + i. Let n = x + -75. What is the units digit of n?
0
Let d(c) = -c + 9. Let g be d(2). Suppose -g = m - 10. Suppose m*h + 28 = z, -2*h + 45 = 2*z + 3*h. What is the tens digit of z?
2
Let n(f) = -4*f**3 + 12*f**2 + 3*f - 20. Let g(i) = 11*i**3 - 34*i**2 - 8*i + 59. Let h(r) = -6*g(r) - 17*n(r). What is the units digit of h(5)?
1
Suppose 25*o = 28*o - 6531. Let p = o - 1190. What is the units digit of p?
7
Let h(j) = j**3 + 25*j**2 - 23*j + 83. Let d be h(-26). Let v(u) = 5*u**3 - 10*u**2 + 14*u + 17. What is the units digit of v(d)?
2
Suppose -5*r - 2*l = -l - 2660, 3*r = -3*l + 1584. Suppose 5*j + 4*c - 1485 = 0, 5*c - 2314 + r = -6*j. What is the units digit of j?
1
Suppose 0 = p - 2*p - 2*i - 3, 3 = -2*p - 3*i. Suppose 5 = p*o + 2. Let d(x) = 130*x - 5. What is the units digit of d(o)?
5
What is the ten thousands digit of (-18781691)/(-310) - (-12)/(-120)?
6
Let t = 69 + -65. Suppose -9*i + 855 = -t*i. What is the tens digit of i?
7
Suppose -10 = 4*o - 6*o - m, 3*m = 2*o + 6. Suppose 5*p = o*p + 32. Let x = 14 + p. What is the tens digit of x?
3
Let n(p) = -436*p**3 + p**2 - 55*p - 56. What is the hundreds digit of n(-1)?
4
Suppose 20*r - 11209 = 1511. What is the units digit of r?
6
What is the hundreds digit of (120/16)/(3/89)*(-11640)/(-75)?
5
Let y(d) = -d**2 + 26*d + 76. Let t be y(23). Suppose -3*j = 2*u + t - 767, 0 = 5*u - 4*j - 1578. What is the tens digit of u?
1
Suppose 4*u = -5*q + 66 - 3, -2*u - q = -27. Suppose -l + 50 - 26 = l. Suppose 0 = -s + 3*i - i + l, 2*s + 2*i = u. What is the units digit of s?
8
Let n(u) = 54*u**2 + 21*u - 64. Let g be n(3). Let j = g + -5. What is the units digit of j?
0
Let m = 55 - 47. Let j be (m/(-3))/((-4)/18*3). Suppose r = 5*b + 37, -r + 6*r - 185 = -j*b. What is the units digit of r?
7
Suppose -1 + 1 = -4*c. Suppose 2*q + 3*a = -q + 1149, 2*q + 5*a - 754 = c. What is the hundreds digit of q?
3
Suppose 135*z = 88*z + 1478902. What is the thousands digit of z?
1
Suppose 0 = -0*d - 8*d + 32. Let o(z) = z**3 - 2*z**2 + 3*z - 5. Let c be o(d). Suppose 4*j = -b + 133, 5*b = 2*j - 22 - c. What is the units digit of j?
3
Let l = -15 - -199. Let z = 143 + l. What is the hundreds digit of z?
3
Let f be 198/(-5) + (-9)/6*(-40)/(-150). Let o be 1/(-3) - 132/9. What is the units digit of (-9)/o - 6416/f?
1
Let z = -14 + 9. Let o(j) = -j**2 - 8*j - 2. Let d be o(z). Suppose c + d = 153. What is the units digit of c?
0
Let r be 175/70 + 217/2. Let b = r + 91. What is the hundreds digit of b?
2
Suppose -2*z + 2*s = 76, 2*z + 44 = z - 5*s. Let n be (-376 + 1)*z/13. Suppose n = 4*i + w, 2*w - 5 = w. What is the units digit of i?
0
Let h = 58 - 27. Suppose 0 = h*m - 23*m 